?
True
Let p be (-81 + 3)/(-3)*155. Suppose 933 = 7*z - p. Is z a prime number?
True
Let z(q) be the second derivative of q**5/10 - q**4/4 + q**2/2 + q. Let n be z(2). Suppose a + 3*s = n*s + 209, 2*a - 5*s = 421. Is a a composite number?
True
Is (124/93)/((-8)/(-3757902)) a composite number?
False
Suppose -4*n + 21136 = -451252. Is n composite?
True
Suppose 5*i = -5*x + 1045360, i - 10*x = -8*x + 209045. Is i composite?
False
Suppose 4*u - 302674 = -5*p, -2*u = -691*p + 689*p - 151310. Is u a prime number?
False
Let s = -93341 + 515820. Is s composite?
False
Suppose -4*v = 11614 - 48222. Let k(m) = 1016*m - 1. Let h be k(4). Let n = v - h. Is n a prime number?
False
Let j = -90 - -1239. Is j composite?
True
Suppose 0 = 16*g - 11*g. Suppose g = -2*j + 4 - 0, -5*s = 5*j - 31695. Suppose -6*n + 2*n + 3*m + s = 0, 0 = 5*m - 5. Is n a composite number?
True
Let y(d) = -4*d - 7. Let x be y(-4). Suppose 4*z - 7 - x = -m, 0 = -m. Suppose -3*n + 1095 = -c, -564 = -z*n + 4*c + 896. Is n prime?
False
Let w(g) = 186*g**3 - 21*g**2 + 86*g + 78. Is w(11) prime?
True
Let g = -17619 + 3381. Let r = -7845 - g. Is r prime?
False
Suppose 5*r + 3*q + q - 16 = 0, -4*q = 4. Let i be (-7)/(-14) + 34*89/r. Let f = i - -330. Is f composite?
False
Let i(u) be the second derivative of 1581*u**5/10 + u**3/6 + 1011*u. Let o be (-1*(-2 - -1))/1. Is i(o) prime?
True
Let y = -352 + -1381. Let r = 4956 + y. Is r prime?
False
Let u = 1297 + -857. Let m = 4429 - u. Is m composite?
False
Let j = 163074 + -116432. Is j a prime number?
False
Let q(y) = 67088*y**2 + 63*y + 194. Is q(-3) prime?
False
Let j(y) = -y. Let p(n) = -624*n - 43. Let q(k) = 4*j(k) - p(k). Is q(9) prime?
True
Let x(h) be the third derivative of -h**4/8 + 43*h**3/3 + 19*h**2. Let k be x(27). Suppose -3*o + o + 8 = 0, -5*n + k*o + 9270 = 0. Is n composite?
True
Suppose 4*z = 3*p - 1563475, -82*p = -81*p + 3*z - 521141. Is p a prime number?
True
Let i(o) = -140*o + 58. Suppose -3*b = -4*k + 7 + 7, -b - 4*k = 10. Is i(b) a prime number?
False
Let k(g) = 0*g**2 + 0*g**2 - 6*g**2 - 2253*g**3 - 2*g. Let c be k(-2). Suppose -9*p - 3271 = -c. Is p a composite number?
False
Suppose 111*d = -50*d + 16431499. Is d composite?
False
Let j be (-15)/280*-8 - (-39)/7. Is (-12 - 1250)/((-4)/j) a composite number?
True
Let y(c) = -3*c**2 - 20*c - 9. Let d be y(-6). Suppose -d*l = 30 - 699. Is l a composite number?
False
Is (1115634/8 + 6)/((-39)/(-52)) a composite number?
False
Let u be (-1)/6*-3 - 54/(-36). Suppose -417 - 11004 = -5*a - 4*p, -4570 = -u*a - 2*p. Is a composite?
False
Suppose 221698 = 4*o + 2*y, 0 = 5*o + 4*y - 315067 + 37934. Is o a prime number?
False
Suppose 0 = 5*o + 2*i - 633117, -4*o + 3*i - i + 506526 = 0. Is o a prime number?
False
Suppose -5*h = 3*d + 25931 + 2093, 2*d + 4*h + 18684 = 0. Let c = d + 14677. Is c composite?
True
Let a(h) = -24*h**3 - 7*h**2 + 22*h + 77. Is a(-12) a prime number?
True
Suppose 4*o + 3*s - 12 = 11, -5*s + 29 = 2*o. Let g be (-11 - -15) + -1 + o. Let n(z) = 19*z**3 - 7*z**2 + 6*z - 9. Is n(g) a composite number?
False
Let g(t) = 242*t**2 - 715*t - 2. Is g(9) composite?
True
Suppose -w = -0*k - 4*k + 19, 4*k - 3*w - 25 = 0. Let v(m) = -212*m + 35. Let i be v(k). Let u = i + 1360. Is u a composite number?
False
Is ((-3)/15)/(1021369/72955 - 14) a prime number?
True
Is (-360393)/(-99)*((-12)/(5 + -1))/(-1) prime?
False
Let u be (3 - -20)/(1 - 0). Suppose u*c - 8166 = 21*c. Is c a composite number?
True
Let z(t) = 14*t**2 - 12*t + 7. Let r be z(5). Suppose -f = 5*w - 398, 2*f - 1104 + r = w. Is f a prime number?
False
Suppose -12 = -22*r + 25*r, 0 = -2*z - 2*r + 73454. Is z a prime number?
False
Let y(c) = -44*c - 31. Suppose 0 = 3*t + 3 - 87. Let k = 18 - t. Is y(k) a composite number?
False
Suppose 0 = -3*c - z + 44994, 2*c - 11*z = -8*z + 29985. Suppose j - c = 4*a, -3*j - 6*a + 45043 = -5*a. Is j composite?
False
Let n(l) = 135*l + 410. Let k be n(-3). Let h(r) = 2*r**2 - 4*r + 2. Let v be h(2). Is ((-1)/1)/(v*k/(-370)) prime?
True
Let u(m) = 2*m**3 - m**3 + 7 - 124*m**2 + 18*m + 145*m**2. Is u(-20) composite?
False
Let t(g) = 2*g**2 + 5*g + 3. Let f be t(-4). Suppose 2*z - 2*c - 21 = -7, c = -2*z + 20. Is -607*(-3)/(z/f) a prime number?
False
Let v = 95802 - 62736. Suppose 11*l - 8*l - 24803 = -2*t, v = 4*l - 2*t. Is l composite?
True
Suppose -2*q + p = -17884, 3*p + 107750 = 9*q + 27281. Is q composite?
True
Suppose -5*s + 2*j = 482, 5*s - 6*j + 481 = -5*j. Is 3170/6 + (s/18 - -6) composite?
True
Is (42/(-12)*2 - -7) + 56174 a composite number?
True
Suppose -296*w + 301*w - 20 = 0. Suppose -m = -w*i - 10327, m - 30930 = -2*m - 5*i. Is m a prime number?
False
Suppose -x + 0 + 3 = 4*l, 0 = -4*l - 4. Let k = 5 - 5. Suppose x*c - 5*c - 694 = k. Is c composite?
False
Let c(a) = -1134*a - 7. Let h = 170 + -175. Is c(h) a prime number?
False
Let t(w) = -w**3 - 13*w**2 - 3*w + 9. Let j be t(11). Let y = -1635 - j. Is y a prime number?
False
Let a(c) = 27*c + 13. Let f be a(2). Suppose w + 5*o - 190 = 676, -5*w = -2*o - 4357. Suppose 6*s + f = w. Is s prime?
False
Suppose 2 = -3*f + 4*f - 4*g, -g = -f - 1. Let r be (f*(-114)/16)/((-12)/(-32)). Let h = r - -185. Is h a composite number?
False
Let l(c) = 4187*c - 1469. Is l(33) a prime number?
False
Let u = -118 + 204. Let m = -89 + u. Is m*(-5)/(-15) - -908 composite?
False
Suppose -118310 = -5*b - 3*s, -41*b + 118285 = -36*b - 2*s. Is b composite?
True
Let z = -3 + 48. Suppose -z*h = -62*h + 178279. Is h prime?
True
Let t be 106/265 - ((-39)/5)/3. Suppose 7*g - 3560 = -5*v + 6*g, -t*g = 2*v - 1411. Is v prime?
False
Let y = 83 - 65. Let l = 475 - y. Suppose l = -8*o + 3041. Is o a composite number?
True
Suppose 4*y = 24749 + 1363. Suppose 23*f - y = 20*f. Suppose 4*o = 4*p - f, -2*o = -4*p - 7*o + 2149. Is p composite?
False
Let v = 3342313 + -2311260. Is v a composite number?
False
Let p be -6619 + 5 + (-3)/(9/6). Let u = -807 - p. Is u prime?
False
Suppose -5*z + 183386 = o, -447*o = 4*z - 451*o - 146704. Is z composite?
False
Let b(k) be the third derivative of -31*k**4/8 - 5*k**3/6 - 2*k**2. Suppose 0 = 144*d - 146*d - 12. Is b(d) prime?
False
Let x be (1/4 + 4/(-16))*-1. Suppose -3*d - 310 = -4*t, -5*d = -t - 0*d + 69. Suppose x = -9*c + t + 2900. Is c a composite number?
False
Let f(h) = h - 11. Let v be f(13). Suppose 7*o + 9 = v. Is 1/3*o*(-2713 - 8) prime?
True
Let y be ((-36)/(-24))/(6/304). Suppose 24*h = 22*h. Suppose h = 81*l - y*l - 485. Is l composite?
False
Let z = 28 - 26. Let x be 0 - z - (2 - -13)*15. Let j = x + 574. Is j prime?
True
Let x be 3/(-18)*-8 - (-7567)/(-3). Let n = -7577 - x. Let u = 8991 + n. Is u a prime number?
False
Let m(a) be the second derivative of 21*a**4 + 2*a**3 - a**2/2 - 61*a. Is m(-6) a prime number?
True
Suppose -8*x + 4*x - 12 = 0. Let a(n) = 1492*n + 5. Let l(i) = 496*i + 1. Let p(r) = -3*a(r) + 8*l(r). Is p(x) a prime number?
False
Suppose -7*z + 3 = -6*z. Suppose 3*j = z*c + 6138, -4*c + 9951 = 5*j - 279. Suppose -8*g + 10666 + j = 0. Is g a composite number?
True
Let m = -14 - -16. Suppose 1 = m*q - 5. Suppose -1117 = 2*c - q*c. Is c a composite number?
False
Suppose -j + q + 4 = 4*q, 0 = -j - 5*q. Suppose -3*v = 1 - 34. Suppose 919 = -j*c + v*c. Is c a prime number?
True
Suppose -25130 = 8*m - 91954. Is m a composite number?
False
Suppose -24 = -3*d - 0*d. Let z(o) = 17*o. Let w(r) = -42*r - 7. Let h(t) = -w(t) + 4*z(t). Is h(d) composite?
False
Let k be -2 - ((-84)/(-10))/7*-5. Suppose 3*p + 9 = 0, -5204 = -z - k*p + 1521. Is z a composite number?
False
Let j = -690 + 1592. Let a(o) = -o**2 + 0*o + 920 - j + 21*o**3 + 3*o. Is a(5) composite?
False
Let s(q) = 2306*q**3 - 4*q**2 - 53*q + 195. Is s(4) a prime number?
True
Let h(w) = 5*w**3 + 6*w**2 + 8*w - 18. Let u(q) = 5*q**3 + 5*q**2 + 9*q - 18. Let v(b) = -4*h(b) + 3*u(b). Is v(-5) a composite number?
False
Let k(s) = 19*s**3 + 30*s**2 - 39*s + 1905. Is k(26) a prime number?
False
Suppose -14 = -h - 3*o - 5, 4*h - 4*o + 12 = 0. Let f = -408 + 1564. Suppose 0 = -3*b - 2*w + f + 571, -5*b - 2*w + 2881 = h. Is b composite?
False
Let s be (6 - 12) + -4 + 9. Is 127110/4*(-36)/(-45) - s a prime number?
True
Suppose 42672 - 465318 = -5*i + s, -2*s - 422647 = -5*i. Is i prime?
False
Is ((26315/38)/(-5))/((-3)/(-1788)*-2) a compos